/4)/((-3)/v) is divided by (-2)/5 - (-47)/5?
8
Let c(f) = 9*f**2 - 2*f + 2. Calculate the remainder when c(2) is divided by 12.
10
Suppose 0 = -5*x - 12 - 18. Calculate the remainder when 47 is divided by (-4)/x - 34/(-3).
11
Let l = 6 - 4. Let x be l + -6 + 2 + 18. Suppose 4 = 2*c - x. Calculate the remainder when 18 is divided by c.
8
Let z = 74 - 134. Let h = -41 - z. Calculate the remainder when 36 is divided by h.
17
Let a = 109 + 42. Suppose -31 + a = 4*f. Suppose 5*o - 2*b - 75 = 0, 2*o + 0*o + 5*b - f = 0. What is the remainder when o is divided by 8?
7
Let o(a) = -a**3 - 6*a**2 + 6*a + 5. Let t be o(-6). Let w = -15 - t. What is the remainder when 46 is divided by w?
14
Let o = -1 + 18. Suppose 3*b + 12 = 5*b. Calculate the remainder when o is divided by b.
5
Suppose 4*k - 7*k = 6. Suppose -3*q + 18 = -0*q. Calculate the remainder when ((-46)/q)/(k/6) is divided by 12.
11
Let v = -25 - -28. Let o be (0 - -4)*(0 + 7). Suppose 0 = v*t + z - 23, 2*t + 4*z + o = 5*t. Calculate the remainder when 23 is divided by t.
7
Let y(x) = 3*x**3 - 3*x**2 - 7*x. Let w(f) = -2*f**3 + 2*f**2 + 6*f. Let h(n) = 6*w(n) + 5*y(n). Calculate the remainder when 40 is divided by h(2).
12
Suppose 5*q + 0*q = 130. Calculate the remainder when q is divided by 14.
12
Suppose 0 = 2*k - 4*g - 2, -3 - 2 = -5*k + 3*g. Calculate the remainder when 1 is divided by k.
0
Let m = -120 - -134. What is the remainder when 135 is divided by m?
9
Let b = -7 - -9. Suppose -6*i + b*i = -44. Calculate the remainder when 19 is divided by i.
8
Let c = 1 - -2. Let r(y) = 0*y + 4*y**2 - 4 - 3*y - c*y**2. Calculate the remainder when r(6) is divided by 5.
4
Suppose y - 1 = -3*n, 2*n + 4 = -2*n. What is the remainder when 7 is divided by y?
3
Let z be (4/(-6))/(4/(-108)). Suppose h - 3*h = z. What is the remainder when (-2 + 14)/(h/(-6)) is divided by 5?
3
Suppose -12*r + 252 = 6*r. What is the remainder when r is divided by 11?
3
Suppose -w + 16 = 6. Calculate the remainder when w is divided by ((-5)/3)/5*-18.
4
Let l = -10 - -50. What is the remainder when l is divided by 15?
10
Suppose -6 = -2*v + 2*n, -5*v + 23 = 3*n - 16. Suppose 6 = -c + 3*p, -c - 4*p = c - 18. What is the remainder when v is divided by c?
0
Suppose 0 = 4*l - 4*a - 20, 2*a = 3*a + 1. Suppose -l*w + 1 = -j, 5 = 3*j - 4*w - 0. What is the remainder when ((0 - 1) + 0)*-5 is divided by j?
2
Suppose 0 = -0*b - b + 11. Suppose a - 5*t = 2, 0 = -3*a + t - 2*t - 58. Let m = a + 49. Calculate the remainder when m is divided by b.
9
Suppose 4*v + 3*m = 8, -v - 4*v = -2*m - 33. Calculate the remainder when 26 is divided by v.
1
What is the remainder when 20 is divided by 3*(-280)/(-135) + (-4)/18?
2
Suppose 2*g + g + 102 = -2*h, 0 = h. Let i = g + 78. Calculate the remainder when i is divided by 15.
14
Let g(r) = r**3 + 5*r**2 + 2*r - 3. Calculate the remainder when 69 is divided by g(-3).
6
Let o = -28 - -47. Calculate the remainder when 74 is divided by o.
17
Let o(i) = 6*i**2 - 3*i + 1. Let k be o(-3). Suppose 0 = 2*n - k - 176. Suppose 0*m = -5*m + n. What is the remainder when m is divided by 13?
11
Suppose 0 = k, 0 = x + 4*x - 3*k - 45. Suppose 5*q - 79 = 46. What is the remainder when q is divided by x?
7
Suppose 2*z = -10, 3*h - 4*z = z + 91. Let t = 37 - h. Calculate the remainder when t is divided by 9.
6
Suppose -3*g + 2*p + 35 = 0, p - 3 = 2. Calculate the remainder when 38 is divided by g.
8
Suppose 17 = -5*p + 52. Let n = 26 - 22. Calculate the remainder when p is divided by n.
3
Suppose 2*u + u = 9. Calculate the remainder when 6 is divided by u.
0
Let v(z) = 3*z**2 + 1. What is the remainder when v(-2) is divided by (-7)/((-28)/3) - (-50)/8?
6
Suppose -3*i + 53 = -t - 112, 0 = -i - 4*t + 42. What is the remainder when i is divided by 14?
12
Let f(w) = w**3 + w**2 - w + 20. What is the remainder when 57 is divided by f(0)?
17
Suppose 3*j - 5*s + 9 = 0, 5*j + 14 = -3*s - 1. Calculate the remainder when (3 + j)/1 - -30 is divided by 11.
8
Let k(m) = -21*m**2 - m. Let j be k(-1). Suppose 5*i - 62 - 8 = 0. What is the remainder when i is divided by (-10)/(-15) + j/(-6)?
2
Suppose -2*f + 3*a + 24 = 0, a - 5*a = -4*f + 44. Calculate the remainder when 24 is divided by f.
6
Suppose -3*o - 18 = 27. Let u = -7 - o. Calculate the remainder when 22 is divided by u.
6
Let o be -1*-3*(-16)/(-12). Suppose 5*t = o*v - 90, 3*v - t - 59 - 3 = 0. Calculate the remainder when 57 is divided by v.
17
Calculate the remainder when 33*(-3)/(-9) - 1 is divided by 3.
1
Suppose -102*d = -103*d. Let o be (-1)/(0 + (-2)/12). Suppose d = -v - o + 17. What is the remainder when 30 is divided by v?
8
Let g be 1/(-3) + 799/3. Suppose 5*q - 109 = 4*u - g, u - 13 = -4*q. Calculate the remainder when u is divided by 18.
15
Let h = -8 - -12. Suppose 0 = -h*n + 2*d + 98, 21 - 1 = n + d. Suppose -4*l = -13 - n. What is the remainder when l is divided by 5?
4
Calculate the remainder when 6/33 + (-458)/(-22) is divided by 11.
10
Let m = 12 - 3. Let h be 6/(-8) + (-46)/(-8). Suppose -h*s = -s - 20. What is the remainder when m is divided by s?
4
Suppose -5 - 5 = -2*g. Suppose g*i + 85 - 300 = 0. Calculate the remainder when i is divided by 11.
10
Let m = 71 + -66. What is the remainder when 7 is divided by m?
2
Let v = 46 + 56. Calculate the remainder when v is divided by 13.
11
Let z = -56 - -101. What is the remainder when z is divided by 12?
9
Let h(q) = 4*q**2 + q. Let z be (-26)/(-8) + (-2)/8. Let x = z + 5. What is the remainder when h(-2) is divided by x?
6
Let v be 3 + -1 + 9 - 1. Suppose 4*g - v = 6*g. Calculate the remainder when (-3)/(-4)*(13 + g) is divided by 4.
2
Let o(a) = 3*a**2 - 5*a + 5. Calculate the remainder when 96 is divided by o(4).
30
Let y(x) = -4*x + 1. Let b be y(-2). Let f = b + -7. Suppose -2*s + f = -10. Calculate the remainder when 21 is divided by s.
3
Suppose 2*j - 37 = -3*x, 5*j = x - 29 + 11. Calculate the remainder when 37 is divided by x.
11
Let r = 5 - 3. Let k(q) = 3*q**2 - 2*q + 5. Let h be k(4). Suppose 3*i + r*i = h. Calculate the remainder when i is divided by 5.
4
Suppose 4*f + 806 = 30*f. What is the remainder when 1270/14 - 2/(-7) is divided by f?
29
Let x be 20/(7 + -3) + 0. Suppose 5*j - 90 = -x*z, 3*j - j - 4*z - 30 = 0. What is the remainder when 65 is divided by j?
14
Suppose -t + 18 = t. Calculate the remainder when 24 is divided by t.
6
Suppose 7*f = 5*f + 104. What is the remainder when f is divided by 11?
8
Suppose -20 = -5*j, -2*n + j - 1 = -n. Suppose -w - t = 23, 2*t + 25 = -w - 0*t. Let l = w + 29. What is the remainder when l is divided by n?
2
Suppose 0 = 4*a - 5*c - 13, -3*a = 2*a + 5*c - 50. What is the remainder when -20*(0 + -3 + 2) is divided by a?
6
Let h(b) = -2*b + 11 - b - 5. Calculate the remainder when h(-7) is divided by 7.
6
Let u be -1 - (-1 - (2 - 2)). Let g = 0 + 10. What is the remainder when g is divided by -15*(2/(-5) + u)?
4
Suppose -3*d - 6*a + 15 = -3*a, 5*a = 5*d - 65. Calculate the remainder when 71 is divided by -36*3*(-2)/d.
23
Let d = -14 - -10. Let v be 2*(2/d)/1. Calculate the remainder when 1 - (-36 + v + -2) is divided by 14.
12
Let m(d) = -d + 31. What is the remainder when 181 is divided by m(0)?
26
Suppose -4*v = -432 - 28. Suppose -v = 4*g - 9*g. Calculate the remainder when 45 is divided by g.
22
Let a be ((-78)/2 + 2)*1. Let z = a - -63. Suppose -t - 3*t - 4*y + 40 = 0, z = 2*t + 5*y. What is the remainder when t is divided by 3?
2
Let o(w) = 5*w**2 - 5*w**2 + 2 + w**3 + 7*w**2. Let q be o(-7). Suppose -2*u - 26 = -3*u - 3*p, u - q = 5*p. Calculate the remainder when u is divided by 9.
8
Let k(w) = w + 21 + w + 0*w - 3*w. What is the remainder when 39 is divided by k(10)?
6
Let y = 0 - -1. Let i be (-1)/((-1)/10) + y. Suppose m - 4 = i. What is the remainder when 42 is divided by m?
12
Calculate the remainder when 47 is divided by 86/7 + (-22)/77.
11
Let j(s) = 8*s**2 + s + 1. Calculate the remainder when j(-2) is divided by 8.
7
What is the remainder when 12910/50 + 4/5 is divided by 29?
27
Suppose -16 = -3*a - 3*m + 5*m, -m - 5 = 0. What is the remainder when (-26)/(-10) - 4/(-10) is divided by a?
1
Let r = -19 - -22. Suppose r*n = -4*k + 76, -2*k + 3*n + 10 = -28. Calculate the remainder when 36 is divided by k.
17
Suppose 5*s - k = 122, -5*k + 2